ded by m.
5
What is the remainder when 161 is divided by 4/8 + 1 - (-159)/2?
80
Suppose 3*a - 6*a = 3*g, -3*a + 5*g + 32 = 0. Suppose a*o + 7 - 25 = -v, 3*v + o = 98. Calculate the remainder when 100 is divided by v.
32
Let i(v) = -v - 13*v**3 - 16*v**3 - 1 - 1. Calculate the remainder when i(-1) is divided by 11.
6
Suppose -3*v - 2*v + 10 = 0. Calculate the remainder when -8 - -67 - v/2 is divided by 12.
10
Let v be ((-6)/9)/(2/30). Suppose -7*s = 5*j - 4*s - 4846, 3*j = 2*s + 2900. What is the remainder when 6/v + j/55 is divided by 6?
5
Let c = 5 - -9. What is the remainder when 275/4 - 5/(40/(-2)) is divided by c?
13
Let f be -9*2/((-12)/10). Let j = -24 + f. Let q(i) = i**2 + 8*i + 4. Calculate the remainder when 38 is divided by q(j).
12
Let h(r) = -2*r**2 + 18*r + 5. Let x be h(9). Suppose 0 = -v - x, -i - v - v - 4 = 0. What is the remainder when i is divided by (0 - 3)/(9/(-6))?
0
Let s = -2246 - -2250. Let f = -5 + 9. Calculate the remainder when s is divided by f.
0
Let n = -298 + 303. What is the remainder when 53 is divided by n?
3
Suppose 36*n + 2 - 974 = 0. What is the remainder when 1565 is divided by n?
26
Let v(f) = -f**3 - 22*f**2 - 18*f + 84. Suppose -82 = -3*m + 101. Calculate the remainder when m is divided by v(-21).
19
Let z(t) = t**3 - 4*t**2 - 5*t - 35. Calculate the remainder when 26 is divided by z(6).
5
Suppose 9*s + 245 = 2630. Calculate the remainder when s is divided by 88.
1
Let d(l) = l**3 - 7*l**2 + l + 6. Suppose -19*m = -20*m - 21. Let z = m + 44. What is the remainder when z is divided by d(7)?
10
Let f(c) = c**3 + 5*c**2 - 11*c - 25. Calculate the remainder when 30/(7/(-4)*36/(-42)) is divided by f(-6).
0
Let y(h) = -h + 38. Let d be y(21). Suppose -19*p = -d*p - 246. What is the remainder when p is divided by 14?
11
Let d(k) = -2*k**3 + k**2 + 4*k + 3. Let c be d(-2). Suppose 18*j - 105 = c*j. Calculate the remainder when 139 is divided by j.
34
Suppose 4*m - k - 4*k = 7, m - 3*k - 7 = 0. What is the remainder when (2 + 12)*1/(m/(-9)) is divided by 16?
15
Let q be (-2)/10*2*-5. Suppose 2*f - f = q. Suppose 0 = y - 2*d - 22, -4*d = -2*d + f. What is the remainder when y is divided by 7?
6
Suppose 3*v - 3 - 6 = 0. Suppose -2*i + 21 = -0*i + o, 15 = 2*i + v*o. Let m = -51 + 86. Calculate the remainder when m is divided by i.
11
Suppose -29 = -l - 3*t, l + 4*t = 3*l - 28. Let x = 30 + 5. Let d = x - 24. Calculate the remainder when l is divided by d.
9
Let c(a) = a**2 + 19*a + 96. Calculate the remainder when 423 is divided by c(-8).
7
Suppose -17*l - 562 = -1769. Calculate the remainder when l is divided by 6.
5
Let t(x) = 8*x**3 + 20*x**2 + 4*x + 2. Suppose 3*q = -0*q + 42. Calculate the remainder when q is divided by t(-2).
4
Let i(d) = d**2 - d - 7. Let a(s) = s**3 - s**2 - 4*s - 3. Let p be a(-2). Suppose -4*b + 34 = -18. Calculate the remainder when i(p) is divided by b.
10
Suppose -i + 3 + 2 = 0. Suppose 83 + 2 = i*d. Let b(m) = 2*m - 18. Calculate the remainder when 27 is divided by b(d).
11
What is the remainder when 14384/(-93)*(-6)/8 is divided by ((-3)/1 - 2)*-6?
26
Suppose 0 = 2*a + 4*c - 16, 2*a + 8 = 4*c - 0*c. Let r(d) = 2*d - 13. Let z be r(12). Suppose -t - z = -a*t. Calculate the remainder when 42 is divided by t.
9
Let x = -54 - -54. Suppose 6*g - 582 = -x*g. What is the remainder when g is divided by 25?
22
Let m = 518 - 281. What is the remainder when m is divided by 17?
16
Let x(o) = -8*o + 10. Let a be x(7). Let d = 58 + a. Calculate the remainder when d is divided by 8.
4
Let i = -12 - -27. Let j be 3*((-65)/i - 4). Let f = j - -32. Calculate the remainder when 10 is divided by f.
3
Let n(z) be the first derivative of 4*z**3 + z**2 - 38. What is the remainder when 23 is divided by n(1)?
9
Calculate the remainder when 231 - (-3 - -172)/(-13) is divided by 31.
27
Let l(q) = -15*q - 136. Calculate the remainder when 40 is divided by l(-10).
12
Suppose -210 = 57*x - 92*x. Let g be -4 + 5 - (-4 - -2). Suppose g*m - 51 = -0*m. Calculate the remainder when m is divided by x.
5
Let t = -235 + 269. Calculate the remainder when 407 is divided by t.
33
Let x(c) = c**2 + 2*c + 1. Let g be 2/5 - (-96)/(-40). Let r be x(g). What is the remainder when -4 + (-24)/(-1) + r is divided by 8?
5
Suppose 4*o - 6 = 2. Suppose 4*k - 23 = -m + 4, o*k = m - 9. What is the remainder when 57 is divided by m?
12
Suppose 21*t - 820 = -20*t. What is the remainder when 55 is divided by t?
15
Let i(d) = 2*d**2 - 8*d - 9. Suppose -10*m = -6*m - 64. Suppose -11*b + m*b - 40 = 0. Calculate the remainder when i(b) is divided by 19.
17
Suppose -5*l - 2*u + 72 = -215, -3*u = 4*l - 231. Let j = 16 + l. Calculate the remainder when j is divided by 13.
8
Let u be (2 + 4/(-2))/2. Suppose 0 = m - 5*m + 4*j + 76, -4*m + 2*j + 72 = u. What is the remainder when 32 is divided by m?
15
Suppose 0 = -m - v + 5*v + 20, -5*v - 145 = -5*m. What is the remainder when 91 is divided by m?
27
Let l(i) = -40*i + 8. Let r be l(-1). Suppose -w - w = -r. Calculate the remainder when 43 is divided by w.
19
Suppose -6*v + v = 390. Let k = -24 - v. What is the remainder when k is divided by -1*(9*-2 + -1)?
16
Let v(a) = -a**3 + 5*a**2 + 3*a + 2. Let c be v(4). Let k = -17 + c. Let t(z) = -2*z + 7. Calculate the remainder when t(-8) is divided by k.
10
Suppose 2*y - 16 = 60. Suppose 1617 = 72*s + 753. Calculate the remainder when y is divided by s.
2
Suppose a + 185 + 140 = u, -4*a - 654 = -2*u. What is the remainder when u is divided by 55?
48
Let z(d) = -3*d - 9. Let g be 2 - 8 - (6 - 7). Calculate the remainder when 27 is divided by z(g).
3
Let k(z) = -8*z + 89. What is the remainder when 34 is divided by k(10)?
7
Let d = -275 + 488. Suppose 75 - d = -3*t. Let g = -22 + t. Calculate the remainder when g is divided by 9.
6
Let r = -172 - -188. Suppose -3*u + 308 = u. What is the remainder when u is divided by r?
13
Suppose 7*x = 8*x. Suppose 3 = n - x*n. Suppose 3 = -h, -4*b = -n*h + h - 90. What is the remainder when b is divided by 8?
5
Let k(u) = -7*u**2 - u**3 + 21*u - u**3 + 3*u**3 - 7*u**2. What is the remainder when k(13) is divided by 53?
51
Let z = 31 - 26. Suppose 2*l + q = 5*l - 49, 3*l + z*q - 61 = 0. Calculate the remainder when 31 is divided by l.
14
Let n = 5 + -1. Suppose 0*f + n*f + 32 = 0. Let w(v) = -v**2 - 13*v - 9. What is the remainder when w(f) is divided by 11?
9
Suppose 15 = 4*t - t. Suppose t*z - 12 = z. Let m(g) = g**3 - 6*g**2 + 2*g - 8. Calculate the remainder when m(6) is divided by z.
1
Let t be (-4)/1 + 14 - 1. Suppose t*o - 5*o - 16 = 0. Calculate the remainder when 10 is divided by (1 - 0/(-1))*o.
2
Let o(f) = f**3 - 6*f**2 - 5*f - 14. Let z be o(7). Suppose z*t - u = -t + 121, -4*t + 460 = 2*u. What is the remainder when t is divided by 20?
17
Let x = -20 - -26. Let l = 44 + -18. Suppose -2*n - x = -l. Calculate the remainder when 39 is divided by n.
9
Let f = -8 + 13. Suppose 3*n + 4*s = -0*n + 15, 5*s + f = n. Suppose n*d = z - 2*z + 38, z - 2*d - 3 = 0. Calculate the remainder when 50 is divided by z.
11
Let t(z) = -32*z - 1. Let g(p) = 107*p + 4930. What is the remainder when t(-1) is divided by g(-46)?
7
Let y be 166/5*5*-1. Let f = y + 178. Calculate the remainder when f is divided by 7.
5
Let o(x) = -16*x**3 + 3*x**2 + 8*x + 3. What is the remainder when o(-2) is divided by 16?
15
Let l(w) = -w**3 - 27*w**2 - 58*w + 5. Calculate the remainder when l(-25) is divided by 19.
15
Let m(s) = 2*s**3 - 5*s**2 - 9*s - 2. Let v be (-1)/8 - (-41)/8. Let j be m(v). Suppose -3*k + j = 9. What is the remainder when k is divided by 7?
2
Let x(m) = m**2 + 42*m - 107. What is the remainder when 166 is divided by x(-45)?
26
Let i = -16 + 19. Suppose 0 = 2*v - 31 - i. What is the remainder when v is divided by 9?
8
Let m(g) = -g**2 - 2*g - 1376*g**3 + 1375*g**3 + 0*g - 6. Calculate the remainder when m(-4) is divided by 14.
8
Suppose 30*q + 6 = 32*q. Let h = 18 - 13. Suppose -4*j = -16, h*k + j - 49 = -0*k. Calculate the remainder when k is divided by q.
0
Suppose 2*h - 274 = -2*d, -h + 117 = -5*d + 778. What is the remainder when d is divided by 34?
31
What is the remainder when 1713 is divided by (-15 - -7 - -2)*-2*13?
153
Suppose 0 = -5*p + 2*h + 251, -3*h - h + 8 = 0. Let d = 62 - p. What is the remainder when d i